6 and 5339786.
766
What is the greatest common divisor of 192 and 1273392?
48
What is the greatest common factor of 3514885 and 110?
55
What is the greatest common divisor of 2152 and 15?
1
Calculate the greatest common factor of 9 and 14571.
9
What is the highest common factor of 98 and 62867?
49
What is the highest common divisor of 106388 and 4?
4
Calculate the highest common divisor of 12 and 363684.
12
Calculate the greatest common factor of 702 and 1242.
54
Calculate the greatest common divisor of 67 and 818673.
67
Calculate the greatest common divisor of 371584 and 128.
128
What is the highest common divisor of 9044 and 2975?
119
What is the highest common factor of 8640182 and 199?
199
What is the highest common factor of 53232 and 42?
6
Calculate the highest common factor of 1980 and 14940.
180
What is the highest common factor of 32860 and 2542?
62
Calculate the highest common divisor of 36 and 57852.
36
Calculate the highest common divisor of 186111 and 339.
339
Calculate the greatest common divisor of 674280 and 360.
360
What is the highest common divisor of 14220 and 42?
6
What is the greatest common divisor of 825 and 920425?
275
Calculate the highest common divisor of 93 and 951.
3
Calculate the greatest common divisor of 2556 and 396.
36
Calculate the highest common factor of 1117475 and 25.
25
What is the highest common divisor of 75 and 246700?
25
Calculate the greatest common factor of 720 and 10499040.
720
Calculate the highest common divisor of 11073 and 9.
3
Calculate the highest common divisor of 41996 and 70.
2
Calculate the greatest common divisor of 1543536 and 594.
54
What is the greatest common factor of 6 and 109449?
3
What is the greatest common divisor of 9486 and 496?
62
Calculate the greatest common divisor of 204 and 645966.
102
Calculate the greatest common divisor of 12 and 79530.
6
Calculate the highest common divisor of 10 and 17065.
5
What is the highest common divisor of 603 and 32629?
67
Calculate the greatest common factor of 134688 and 768.
96
Calculate the greatest common divisor of 6794 and 474.
158
What is the greatest common factor of 1804 and 222466?
82
Calculate the highest common divisor of 2431 and 44200.
221
What is the greatest common divisor of 802 and 91829?
401
What is the highest common factor of 846 and 423423?
423
Calculate the highest common factor of 8 and 871016.
8
What is the highest common factor of 5687 and 1692?
47
Calculate the highest common factor of 169927 and 14809.
251
What is the highest common factor of 5047 and 607803?
721
What is the highest common factor of 2124 and 586106?
118
What is the greatest common divisor of 104 and 11608?
8
Calculate the highest common divisor of 64 and 171328.
64
Calculate the highest common divisor of 100 and 1150.
50
Calculate the greatest common divisor of 1302999 and 5916.
1479
Calculate the highest common factor of 910 and 84210.
70
Calculate the greatest common divisor of 444 and 994116.
444
Calculate the greatest common divisor of 760316 and 1340.
268
What is the highest common divisor of 18799 and 1936?
11
What is the highest common divisor of 1928 and 40?
8
Calculate the highest common factor of 12992 and 14.
14
Calculate the greatest common divisor of 30877 and 231.
77
Calculate the highest common factor of 9268017 and 163.
163
Calculate the greatest common factor of 39256 and 160.
8
Calculate the greatest common factor of 130 and 104.
26
What is the highest common divisor of 40 and 1289540?
20
Calculate the greatest common divisor of 1869676 and 146.
146
Calculate the greatest common factor of 1058031 and 117.
117
What is the highest common divisor of 55391 and 36736?
287
What is the highest common divisor of 25415 and 170?
85
What is the greatest common factor of 8175 and 150?
75
What is the highest common divisor of 7340 and 260?
20
Calculate the greatest common divisor of 40833 and 4886.
349
Calculate the greatest common divisor of 267080 and 1760.
440
Calculate the highest common divisor of 429344 and 32.
32
What is the greatest common factor of 11 and 246290?
11
Calculate the greatest common factor of 9625062 and 6.
6
What is the highest common factor of 170 and 145010?
170
Calculate the highest common divisor of 5753 and 913.
11
Calculate the highest common factor of 126 and 383004.
18
What is the highest common factor of 952 and 80563?
119
What is the greatest common factor of 201549 and 2667?
381
What is the greatest common divisor of 1005147 and 121?
121
What is the highest common divisor of 655 and 39562?
131
What is the highest common divisor of 111 and 45325?
37
Calculate the greatest common divisor of 1860 and 4140.
60
Calculate the highest common factor of 77763 and 99.
3
Calculate the highest common divisor of 157035 and 665.
95
Calculate the highest common divisor of 12 and 354225.
3
What is the highest common divisor of 88 and 21769?
11
Calculate the greatest common factor of 9603 and 4851.
99
What is the highest common divisor of 4240 and 131780?
20
Calculate the highest common divisor of 3294 and 54.
54
What is the highest common divisor of 476 and 3856076?
476
What is the highest common divisor of 4 and 535?
1
Calculate the greatest common divisor of 1805 and 13718.
361
What is the highest common divisor of 108 and 34308?
36
Calculate the highest common divisor of 78 and 26403.
39
Calculate the greatest common factor of 2907 and 153.
153
Calculate the greatest common factor of 236 and 3133844.
236
What is the greatest common factor of 684740 and 180?
20
What is the greatest common divisor of 108 and 2820?
12
What is the highest common factor of 4290 and 6600?
330
Calculate the greatest common divisor of 17906 and 84.
14
What is the highest common factor of 30 and 114105?
15
Calculate the greatest common factor of 26 and 1807.
13
Calculate the greatest common divisor of 394420 and 111.
37
Calculate the greatest common factor of 11363 and 176.
11
Calculate the greatest common divisor of 1559583 and 4023.
1341
Calculate the greatest common divisor of 14 and 2114.
14
What is the highest common factor of 17280 and 2664?
72
Calculate the highest common divisor of 891 and 3168.
99
What is the highest common factor of 2 and 3816?
2
What is the greatest common divisor of 312 and 99372?
156
Calculate the greatest common divisor of 68 and 4743.
17
What is the highest common factor of 1860 and 3615?
15
What is the highest common factor of 1024 and 145024?
128
What is the highest common divisor of 3552138 and 54?
18
What is the highest common factor of 61475 and 475?
25
Calculate the greatest common factor of 1080 and 229480.
40
What is the greatest common factor of 34 and 90066?
34
Calculate the greatest common divisor of 3345 and 5580.
15
Calculate the highest common factor of 29470 and 98.
14
Calculate the greatest common factor of 364 and 10724.
28
What is the highest common factor of 3608 and 20336?
328
What is the highest common factor of 8 and 77184?
8
Calculate the highest common factor of 70794 and 7638.
114
What is the highest common divisor of 748 and 1969?
11
What is the highest common divisor of 1827 and 1015?
203
Calculate the highest common factor of 1586200 and 100.
100
Calculate the highest common factor of 18 and 15694.
2
Calculate the greatest common factor of 873549 and 3030.
303
Calculate the highest common divisor of 228505 and 30.
5
What is the greatest common factor of 60162 and 8436?
222
What is the highest common factor of 1533 and 9261?
21
Calculate the greatest common divisor of 5532 and 6144.
12
Calculate the greatest common factor of 71544 and 264.
264
Calculate the highest common divisor of 46 and 138506.
46
What is the greatest common divisor of 10680 and 960?
120
Calculate the greatest common factor of 143596 and 4.
4
What is the highest common factor of 4379189 and 321?
107
What is the highest common factor of 35745 and 4695?
15
What is the greatest common divisor of 320 and 130490?
10
What is the highest common divisor of 2944850 and 25?
25
What is the greatest common factor of 7221 and 1743?
249
Calculate the highest common divisor of 42366 and 5106.
138
Calculate the highest common divisor of 1377 and 747252.
459
Calculate the highest common factor of 39195 and 47235.
1005
Calculate